{"id":3,"date":"2008-04-25T02:17:17","date_gmt":"2008-04-25T06:17:17","guid":{"rendered":"http:\/\/corpora.tyrell.hu\/hu\/?page_id=3"},"modified":"2008-08-04T12:28:51","modified_gmt":"2008-08-04T10:28:51","slug":"corpora","status":"publish","type":"page","link":"https:\/\/corpora.hu\/hu\/corpora\/","title":{"rendered":"A Corpora projekt"},"content":{"rendered":"<p><a onclick=\"javascript:pageTracker._trackPageview('\/downloads\/hu\/wp-content\/uploads\/2008\/04\/arimg.jpg');\"  href=\"http:\/\/corpora.tyrell.hu\/hu\/wp-content\/uploads\/2008\/04\/arimg.jpg\"><img loading=\"lazy\" class=\"alignnone size-full wp-image-84\" title=\"corp1\" src=\"http:\/\/corpora.tyrell.hu\/hu\/wp-content\/uploads\/2008\/04\/arimg.jpg\" alt=\"\" width=\"500\" height=\"350\" srcset=\"https:\/\/corpora.hu\/hu\/wp-content\/uploads\/2008\/04\/arimg.jpg 1024w, https:\/\/corpora.hu\/hu\/wp-content\/uploads\/2008\/04\/arimg-300x210.jpg 300w\" sizes=\"(max-width: 500px) 100vw, 500px\" \/><\/a><\/p>\n<p>A jap\u00e1n-magyar-sv\u00e1jci doubleNegatives csoport Corpora projektje egy kibernetikai \u00e9s egyben \u00e9p\u00edt\u00e9szeti kutat\u00e1s egyik \u00e1llom\u00e1sa, melynek k\u00f6z\u00e9ppontj\u00e1ban az emberi t\u00e9rhaszn\u00e1lat k\u00e9rd\u00e9se \u00e1ll.<\/p>\n<p>A Corpora egy olyan sz\u00e1m\u00edt\u00f3g\u00e9pes program, amely elektronikus \u00e9rz\u00e9kel\u0151k tucatjait vez\u00e9relve inform\u00e1ci\u00f3kat \u2013 sz\u00e9lir\u00e1ny, mozg\u00e1s, h\u0151m\u00e9rs\u00e9klet, f\u00e9nyer\u0151 \u2013 gy\u0171jt a k\u00fclvil\u00e1gr\u00f3l, majd olyan szerkezeteket hoz l\u00e9tre, amelyek \u00e1lland\u00f3 harm\u00f3ni\u00e1t keresnek a k\u00fclvil\u00e1g ezen elemeivel.<\/p>\n<p>Polcokat, k\u00f6ztereket, s\u0151t, ak\u00e1r v\u00e1rosokat is k\u00e9pes elemezni \u00e9s a fogadott adatok alapj\u00e1n v\u00e1ltoztatni, egyszer\u0171s\u00edteni, a k\u00fcls\u0151 egy\u00fctthat\u00f3kat figyelembe v\u00e9ve jav\u00edtani e rendszer, ugyanakkor a Corpora nem tervez\u0151program, hanem sokkal ink\u00e1bb szeml\u00e9letm\u00f3d: az \u00e9p\u00edt\u00e9szet cyber-zenbuddhizmusa.<\/p>\n<p>A Corpora jelenlegi f\u00e1zis\u00e1ban egyel\u0151re csak digit\u00e1lis form\u00e1ban l\u00e9tezik a program \u00e1ltal gener\u00e1lt, a k\u00fclvil\u00e1g hat\u00e1saira folyamatosan reag\u00e1l\u00f3, \u00e9l\u0151, v\u00e1ltoz\u00f3 \u00e9p\u00edtm\u00e9ny, \u00e9s a ki\u00e1ll\u00edt\u00e1s ideje alatt a Bienn\u00e1le magyar pavilonj\u00e1nak \u00e9p\u00fclet\u00e9ben \u00e9s annak k\u00f6rny\u00e9k\u00e9n lehet megtekinteni speci\u00e1lis &#8220;augmented reality&#8221; eszk\u00f6z\u00f6kkel.<\/p>\n<p>K\u00e9t f\u0151 k\u00e9rd\u00e9st vet fel e m\u00e9diam\u0171v\u00e9szet \u00e9s \u00e9p\u00edt\u00e9szet hat\u00e1rmezsgy\u00e9j\u00e9n elhelyezked\u0151 projekt: az egyik, lehets\u00e9ges-e \u00f6nszab\u00e1lyoz\u00f3, alulr\u00f3l \u00e9p\u00edtkez\u0151 t\u00e9rrendszereket l\u00e9trehozni b\u00e1rmilyen l\u00e9pt\u00e9kben a szob\u00e1t\u00f3l a v\u00e1rosig, illetve hogyan lehet \u00e9sszer\u0171s\u00edteni mesters\u00e9ges k\u00f6rnyezet\u00fcnket, vagy \u00e9ppen annak haszn\u00e1lat\u00e1t.<\/p>\n<p><strong>R\u00e9szletek a Corpora projektet l\u00e9trehoz\u00f3 jap\u00e1n-magyar-sv\u00e1jci doubleNegatives csoportr\u00f3l:<\/strong><\/p>\n","protected":false},"excerpt":{"rendered":"<p>A jap\u00e1n-magyar-sv\u00e1jci doubleNegatives csoport Corpora projektje egy kibernetikai \u00e9s egyben \u00e9p\u00edt\u00e9szeti kutat\u00e1s egyik \u00e1llom\u00e1sa, melynek k\u00f6z\u00e9ppontj\u00e1ban az emberi t\u00e9rhaszn\u00e1lat k\u00e9rd\u00e9se \u00e1ll. A Corpora egy olyan sz\u00e1m\u00edt\u00f3g\u00e9pes program, amely elektronikus \u00e9rz\u00e9kel\u0151k tucatjait vez\u00e9relve inform\u00e1ci\u00f3kat \u2013 sz\u00e9lir\u00e1ny, mozg\u00e1s, h\u0151m\u00e9rs\u00e9klet, f\u00e9nyer\u0151 \u2013 gy\u0171jt a k\u00fclvil\u00e1gr\u00f3l, majd olyan szerkezeteket hoz l\u00e9tre, amelyek \u00e1lland\u00f3 harm\u00f3ni\u00e1t keresnek a k\u00fclvil\u00e1g ezen elemeivel. [&hellip;]<\/p>\n","protected":false},"author":3,"featured_media":0,"parent":0,"menu_order":2,"comment_status":"closed","ping_status":"open","template":"","meta":{"ngg_post_thumbnail":0},"_links":{"self":[{"href":"https:\/\/corpora.hu\/hu\/wp-json\/wp\/v2\/pages\/3"}],"collection":[{"href":"https:\/\/corpora.hu\/hu\/wp-json\/wp\/v2\/pages"}],"about":[{"href":"https:\/\/corpora.hu\/hu\/wp-json\/wp\/v2\/types\/page"}],"author":[{"embeddable":true,"href":"https:\/\/corpora.hu\/hu\/wp-json\/wp\/v2\/users\/3"}],"replies":[{"embeddable":true,"href":"https:\/\/corpora.hu\/hu\/wp-json\/wp\/v2\/comments?post=3"}],"version-history":[{"count":7,"href":"https:\/\/corpora.hu\/hu\/wp-json\/wp\/v2\/pages\/3\/revisions"}],"predecessor-version":[{"id":287,"href":"https:\/\/corpora.hu\/hu\/wp-json\/wp\/v2\/pages\/3\/revisions\/287"}],"wp:attachment":[{"href":"https:\/\/corpora.hu\/hu\/wp-json\/wp\/v2\/media?parent=3"}],"curies":[{"name":"wp","href":"https:\/\/api.w.org\/{rel}","templated":true}]}}

<p><a onclick="javascript:pageTracker._trackPageview('/downloads/hu/wp-content/uploads/2008/04/arimg.jpg');"  href="http://corpora.tyrell.hu/hu/wp-content/uploads/2008/04/arimg.jpg"><img loading="lazy" class="alignnone size-full wp-image-84" title="corp1" src="http://corpora.tyrell.hu/hu/wp-content/uploads/2008/04/arimg.jpg" alt="" width="500" height="350" srcset="https://corpora.hu/hu/wp-content/uploads/2008/04/arimg.jpg 1024w, https://corpora.hu/hu/wp-content/uploads/2008/04/arimg-300x210.jpg 300w" sizes="(max-width: 500px) 100vw, 500px" /></a></p>
<p>A japán-magyar-svájci doubleNegatives csoport Corpora projektje egy kibernetikai és egyben építészeti kutatás egyik állomása, melynek középpontjában az emberi térhasználat kérdése áll.</p>
<p>A Corpora egy olyan számítógépes program, amely elektronikus érzékelők tucatjait vezérelve információkat – szélirány, mozgás, hőmérséklet, fényerő – gyűjt a külvilágról, majd olyan szerkezeteket hoz létre, amelyek állandó harmóniát keresnek a külvilág ezen elemeivel.</p>
<p>Polcokat, köztereket, sőt, akár városokat is képes elemezni és a fogadott adatok alapján változtatni, egyszerűsíteni, a külső együtthatókat figyelembe véve javítani e rendszer, ugyanakkor a Corpora nem tervezőprogram, hanem sokkal inkább szemléletmód: az építészet cyber-zenbuddhizmusa.</p>
<p>A Corpora jelenlegi fázisában egyelőre csak digitális formában létezik a program által generált, a külvilág hatásaira folyamatosan reagáló, élő, változó építmény, és a kiállítás ideje alatt a Biennále magyar pavilonjának épületében és annak környékén lehet megtekinteni speciális &#8220;augmented reality&#8221; eszközökkel.</p>
<p>Két fő kérdést vet fel e médiaművészet és építészet határmezsgyéjén elhelyezkedő projekt: az egyik, lehetséges-e önszabályozó, alulról építkező térrendszereket létrehozni bármilyen léptékben a szobától a városig, illetve hogyan lehet ésszerűsíteni mesterséges környezetünket, vagy éppen annak használatát.</p>
<p><strong>Részletek a Corpora projektet létrehozó japán-magyar-svájci doubleNegatives csoportról:</strong></p>

<p>A japán-magyar-svájci doubleNegatives csoport Corpora projektje egy kibernetikai és egyben építészeti kutatás egyik állomása, melynek középpontjában az emberi térhasználat kérdése áll. A Corpora egy olyan számítógépes program, amely elektronikus érzékelők tucatjait vezérelve információkat – szélirány, mozgás, hőmérséklet, fényerő – gyűjt a külvilágról, majd olyan szerkezeteket hoz létre, amelyek állandó harmóniát keresnek a külvilág ezen elemeivel. [&hellip;]</p>
